et t = 44 - x. What is the tens digit of t?
1
Let u = 8 - 6. Let b = u + 2. What is the units digit of b?
4
Suppose -3*f + 2*l + 0 = -16, 2*f + 5*l - 36 = 0. What is the units digit of f?
8
Let q be 0 + 3/9 - 4/12. Let h be (0/(-1))/(1 - 0). Suppose -x + t + 9 = q, -x + 3*t + 2*t - 7 = h. What is the units digit of x?
3
Suppose 0*s + 5*s = -4*t + 999, 0 = -4*s - t + 808. What is the tens digit of s?
0
Let w(u) = -7*u + 1. Let t be w(-1). Let q(v) = 3*v - 3 - v - v. What is the units digit of q(t)?
5
Let v(f) = -1. Let i(h) = 2*h - 9. Let u(y) = -6*y + 26. Let x(w) = -8*i(w) - 3*u(w). Let t(g) = 5*v(g) - x(g). What is the units digit of t(-3)?
7
Let c be 1 + 2 - (4 + -1). Suppose 0 = -p + 6 - c. What is the units digit of p?
6
Let t = -114 - -216. Suppose -4*x + 14 = -t. What is the units digit of x?
9
Let y be ((-8)/10)/(6/(-15)). Let u = -13 + 28. Suppose f - 2 = -y*p + u, 5*p - 44 = -f. What is the units digit of p?
9
Let u = -8 - -60. What is the tens digit of u?
5
Let q = -17 - -31. Suppose -4*z - q = -70. Suppose z = -b - 5*y, 0*y - 6 = -3*b - 3*y. What is the units digit of b?
6
Let y = -68 - -104. What is the units digit of y?
6
Suppose 5*w = v + 17, 0*w + 3 = 3*w + 3*v. Suppose 13 = w*x - 2. What is the units digit of x?
5
Suppose -4*x = -2*p - 0*x + 114, 4*p - 218 = -2*x. What is the units digit of p?
5
Let g be -2 + (-1 - 1 - -109). Let c = -67 + g. What is the units digit of c?
8
Suppose 0 = -4*c + 6*p - 2*p + 76, 0 = 4*c + 2*p - 52. Suppose 0*d = 5*d + c, 0 = -s + d + 7. What is the units digit of s?
4
Let m(w) = -w**3 - 3*w**2 - w - 1. Let t be m(-3). Suppose -18 = -t*p - 0*p. What is the units digit of p?
9
Suppose 2 = w + 3*d, -4*w = -6*d + d + 60. Let c = w + 14. Let l(q) = q. What is the units digit of l(c)?
4
Suppose -12 = -2*f - 46. Let k = f - -25. What is the units digit of k?
8
What is the tens digit of (8 - 7)*15*5?
7
Suppose -112 = 32*l - 36*l. What is the tens digit of l?
2
Suppose -3*g - 56 = -5*g. What is the tens digit of g?
2
Let c be 9/2 - (-2)/4. Suppose -c*v = -25, -2*g + 4*v - 3*v + 31 = 0. What is the units digit of g?
8
Let j(m) = m**2 + 2. Let h be j(-8). Let s be h + -1 + 2 + -3. Suppose 7*c - s = 3*c. What is the tens digit of c?
1
Let s be (-4)/(-6) + 32/6. Let o = s + 6. What is the tens digit of o?
1
Let c(r) = r - 1. Let b(t) = -t**2 - t - 3. Let i(f) = -b(f) + 4*c(f). Let n be i(-6). Suppose 5*y = k + 3*k, 0 = -5*k + 5*y + n. What is the units digit of k?
5
Let s = -16 - -47. What is the tens digit of s?
3
What is the tens digit of (-1168)/6*(91/(-14) + 5)?
9
Let x = -13 - 2. Let c be (26/6)/(5/x). What is the tens digit of (-4)/((-4)/c)*-1?
1
Suppose -v + 45 = 4*v. Suppose 3*w + v = d, 0*d = -d + 4*w + 11. What is the units digit of (1/1)/(1/d)?
3
Let b(x) = -45*x + 61. What is the units digit of b(-6)?
1
Let q = 204 + -93. Suppose 3*v + q - 30 = 0. Let m = -15 - v. What is the units digit of m?
2
Let k = -4 - -6. Suppose -k*u = 2*j, 0 = -5*j + 4*u + 16 + 29. What is the units digit of j?
5
Let r(h) = h**2 - 2*h - 11. Let p be r(0). Let a = p + 16. What is the units digit of a?
5
Let x(g) = 3*g. What is the units digit of x(3)?
9
Let a(z) = -9*z - 11. What is the units digit of a(-16)?
3
What is the units digit of (-4 + -4)/(2/(-3))?
2
Suppose 2*u - 3*y = u + 10, 0 = -u - 5*y + 26. What is the units digit of u?
6
Let s(x) = -x**3 - 6*x**2 + 6*x - 5. Let g be s(-7). Suppose -5*t + 2*n = -0*t - 30, n - 3 = -2*t. What is the units digit of (t/6)/(g/21)?
7
Let k = 9 - -7. Let s(d) = -d - 3. Let n be s(-6). Suppose -4*r = -3*r - n*j - k, -j + 4 = 2*r. What is the units digit of r?
4
Let w(o) = -16*o - 3. What is the tens digit of w(-2)?
2
Suppose 5*a = -3*u + 5*u + 964, 4*a - 760 = -4*u. What is the hundreds digit of a?
1
Let g(b) be the first derivative of -b**3/3 - 7*b**2/2 + 5*b - 3. Let w be g(-8). Let c = 6 - w. What is the units digit of c?
9
Suppose 0 = -3*g - c + 4*c - 3, 4*c - 12 = 0. Suppose -g*o = 2*o - 28. What is the units digit of o?
7
Let s = 8 - 5. Suppose -27 = s*x - 6*x. What is the units digit of x?
9
Suppose -363 = -4*o + 293. What is the tens digit of o?
6
Let h = 17 + 0. What is the tens digit of h?
1
Suppose l + 3*u - 79 = 0, -5*l + 421 = -0*l + 2*u. What is the units digit of l?
5
Let w(s) = 34*s + 1. Let b be w(2). Suppose b = 4*c - 39. What is the units digit of c?
7
Let w(m) = -m**3 + 7*m**2 - 4*m - 1. Let a be (-5 + 1)/2*-2. Suppose -5*c - a = h, 2*h - c - 8 = -3*c. What is the tens digit of w(h)?
1
Let t(m) = -m**3 - 3*m**2 + 4*m + 3. What is the tens digit of t(-5)?
3
Let f be (-165)/22*12/(-5). Let c = 48 - f. What is the tens digit of c?
3
Suppose -o + 5*q - 2 = 0, 5*o - q + 0*q - 86 = 0. Let r = 51 - o. What is the tens digit of r?
3
Suppose 0 = 3*f - 4*i - 0 - 1, 5*i - 16 = -2*f. Let d = 8 - 3. Suppose 33 = d*l + f. What is the units digit of l?
6
Let g(x) = -x**3 - 8*x**2 - 9*x - 5. Let m = -15 - -25. Let h be (-68)/m - (-2)/(-10). What is the units digit of g(h)?
9
Suppose -2*h = 3*r - 537, 2*r - 4*h = -11 + 353. What is the hundreds digit of r?
1
Suppose -168 = -2*g + 5*g. What is the tens digit of 2/(-7) + (-800)/g?
1
Let j be 2/(-3) - (-110)/(-33). What is the units digit of (-1 + -7)*4/j?
8
Let p = -1 - -7. Let v = p - 2. What is the units digit of v?
4
Let c be (1 - 2)/((-1)/(-5)). Let o = c + 8. Let g = o + -2. What is the units digit of g?
1
Let p(b) = 143*b. What is the hundreds digit of p(1)?
1
Suppose 7*m - 14 = 2*m - h, 5*m + 4*h - 26 = 0. Suppose -r + 7 = -m*k, 4*r + 4*k + 3 = 7. Suppose 13 = r*f + 1. What is the units digit of f?
4
Let x = 30 + -44. Let t be (-172)/x + (-4)/14. What is the units digit of -1*1 + t/4?
2
Let z = 3 + -5. Let k be (8*5)/(z/(-4)). Suppose -2*q = 3*q - k. What is the units digit of q?
6
Suppose b = 3*b + 6. Let r be ((0 - -2) + b)*-42. Suppose -2*l + 5*o - 75 = -7*l, 2*l = -5*o + r. What is the tens digit of l?
1
Suppose -3*h + 162 = 5*o, h + 4*o + 0*o = 61. What is the units digit of h?
9
Let k(o) = -o**3 + 7*o**2 - o + 10. Let w be k(7). Suppose -w = p - 2*p. Suppose 2*y = p*b - 0*y - 33, -4*y = -4*b + 48. What is the units digit of b?
9
Suppose 0*m = 3*m + h - 5, 4*h + 10 = -2*m. Let p = 0 + m. What is the units digit of (-11)/(-3)*p + 1?
2
Let x(t) = -2*t - 1. What is the units digit of x(-5)?
9
Let p(s) = s**3 + 10*s**2 - 10*s + 12. Let k be p(-11). What is the units digit of -1*k*(8 - 16)?
8
Let v be 402/(-5) - 10/(-25). Let t = -56 - v. Suppose r = -r - 5*z + 16, -3*r = -2*z - t. What is the units digit of r?
8
Let y be 12*4 + -3 + 3. Let l be (2/3)/(4/y). Let g = l + -5. What is the units digit of g?
3
Suppose -6 = -19*m + 18*m. What is the units digit of m?
6
Let v = 48 - 6. What is the units digit of (8/(-12))/((-4)/v)?
7
Suppose 0 = -2*g + 3*z + 98, -48 = -g - 3*z + 4*z. What is the units digit of g?
6
Let l = 619 - 396. What is the hundreds digit of l?
2
Suppose -13 = 5*j + p - 50, -3*p + 34 = 4*j. Suppose 50 = 5*i + b, 0*i + 65 = 5*i - 2*b. Let k = j + i. What is the tens digit of k?
1
Let z be 33/(-9) - 4/(-6). What is the units digit of 10/z*(-3)/2?
5
Let d = 68 + -77. Let t be 19*(1 + 0)/(-1). Let h = d - t. What is the tens digit of h?
1
Let g(m) = -m**2 + 23*m + 1. What is the hundreds digit of g(10)?
1
Suppose 0 = -m - 3*m + 24. Suppose m*q - 250 = q. What is the units digit of q?
0
Let a(i) = 12*i**3 - 4*i**2 + 4. What is the tens digit of a(2)?
8
Suppose -573 = -4*z + 111. What is the units digit of z?
1
Suppose u = -u + 10. Suppose 2*w + k - u*k - 34 = 0, 5*w + k = 96. What is the units digit of w?
9
Let r = -10 + 14. Suppose 35 = 2*g + 3*u, 5*u - 10 + 25 = r*g. What is the tens digit of g?
1
Suppose -7 - 53 = -5*w. Suppose -j = -w - 3. What is the tens digit of 4/(-10) - (-201)/j?
1
Let u(l) = 4*l**2 + 21*l - 1. What is the units digit of u(-6)?
7
Let n(l) be the first derivative of -l**4/4 - l**3 + 4*l + 2. Let b be (2*1)/(2/(-3)). What is the units digit of n(b)?
4
Let k = -179 - -271. What is the tens digit of k?
9
Suppose -3*l = -0*l - 3. Let v be 2 + -1 + 1 + l. Suppose 38 = 2*x - 2*z, 4*x + v*z = -6 + 47. What is the units digit of x?
4
Let m(s) = -s**2 + 10*s - 7. Let o be m(8). Let t = 24 - o. What is the tens digit of (-1)/((-3)/(-6)) + t?
1
Let y = 3 + 10. Let l be (0 + (1 - -1))*2. Let b = y 